-8*q - 3. Let c(g) = -4*d(g) - 11*h(g). Let j(w) = -4*w + 3. Let s(i) = -7*c(i) + 2*j(i). Calculate s(n).
0
Let b(v) be the third derivative of v**5/60 + v**4/12 + 7*v**2. Let o = 2 - 0. Calculate b(o).
8
Let g(m) = m**2 + m. Let a(y) = -5*y**2 + 2. Let d(n) = a(n) + 2*g(n). What is d(2)?
-6
Suppose 0 = 5*f - f - 16. Let t(a) = -a**3 + 4*a**2 + 3. Calculate t(f).
3
Let u(b) = -b**3 - 3*b**2 + b + 4. Let j(o) = o**3 + 3*o**2 - 2*o - 5. Let h(a) = 2*j(a) + 3*u(a). Give h(-3).
5
Let y(n) = -4*n**2 + n - 1. Let g(a) = 4*a**2 - a + 1. Let p(x) = -7*g(x) - 6*y(x). Suppose -4*t = 4*v - 8, -t + 5*v - 23 = -7. Let k = t + 2. What is p(k)?
-4
Let x(t) = -6*t - 3. Let f be (-2)/(-4) + (-15)/10. Let j = f + 4. Suppose j*d = 6*d + 6. Calculate x(d).
9
Let f(s) = -5*s**3 + 4*s**2 + 4*s - 3. Let o(u) = -14*u**3 + 11*u**2 + 11*u - 8. Let k(c) = -17*f(c) + 6*o(c). Give k(2).
-1
Let i(a) = -a**2 + a + 3. Let z be i(0). Suppose -z*r + 30 = -3. Suppose -4*q + 2*s - 17 = 1, -3*q - r = s. Let x(n) = -3*n - 2. Determine x(q).
10
Let b(a) = -3*a + 2. Let f(k) = -2*k**3 + 6*k**2 - 3*k + 3. Let n be f(3). Give b(n).
20
Suppose -4 = 2*u - 0*u, -c = -5*u - 16. Let l(d) = -d**3 - 5*d**2 - 4*d - 2. Let s be l(-5). Let f be (-6)/s - 4/c. Let t(a) = 6*a**3 - a**2. What is t(f)?
-7
Let x(i) = -i**2 + 2*i + 2. Suppose -t = -z - 0*t + 7, -11 = -5*z - 3*t. Calculate x(z).
-6
Let z(p) be the first derivative of 3*p**4/4 - p**3/3 + p + 3. Let k be 1/3 - (-1)/(-3). Suppose -f = -k*f - 1. Give z(f).
3
Let h(q) = 2*q. Let j(t) = -t. Let k(f) = -h(f) - 4*j(f). Give k(1).
2
Let i(y) = 2*y**2 + 31*y + y**3 - 72*y + 41*y. Determine i(-3).
-9
Suppose 22 = 5*r + b, -16 = -5*r + b + b. Let k(f) = -f - 2*f + 2*f + r. Determine k(5).
-1
Let o(z) be the third derivative of 3*z**2 + 5/24*z**4 + 0 + 0*z + 1/6*z**3. Determine o(1).
6
Suppose -2*l - 4*a = 4, -4*a = -0*l - 4*l + 4. Suppose 5*m + 25 = -c, c + 1 = m - l. Let g(k) = k**3 + 5*k**2 + 3*k + 4. Calculate g(m).
8
Let u(a) = -a**2 + 5*a - 1. Suppose -4*v + 22 = 6. Determine u(v).
3
Let o(q) = -5*q**2 + 5*q + 8. Let s(d) = 4*d**2 - 5*d - 8. Let n(a) = -3*o(a) - 4*s(a). Determine n(6).
2
Let r(x) = x + 2. Let v(l) = l**2 + 4. Let p(f) = 1. Let z(w) = 3*p(w) - v(w). Let i be z(-1). What is r(i)?
0
Let j = 67 + -67. Let k(n) be the third derivative of 0 - 1/60*n**5 + j*n**4 + 3*n**2 + 0*n + 5/6*n**3 - 1/120*n**6. What is k(0)?
5
Let s(j) be the third derivative of -5*j**4/24 - j**3/3 + 9*j**2. Determine s(-2).
8
Let b(z) = -2 - 8 + 4 + 8 + 2*z. Let r(u) = u**3 + 6*u**2 - 7*u + 5. Let t be r(-7). What is b(t)?
12
Let u(f) = 65*f + 1 - 47*f + 2 - 4. Calculate u(-1).
-19
Suppose -10*g = -7*g - 6. Let u(t) = -2*t + 3. Calculate u(g).
-1
Let x(f) = 6*f - 3. Let c(o) = -19*o + 9. Let h(k) = 2*c(k) + 7*x(k). Give h(2).
5
Let r(o) = 2*o**2 + o. Let i = -19 + 21. Determine r(i).
10
Let o = -8 + 11. Let n(f) = -16*f**3 + 5*f**2 + 20*f - 37. Let m(l) = 3*l**3 - l**2 - 4*l + 7. Let j(k) = -11*m(k) - 2*n(k). Calculate j(o).
-9
Let b be (-1)/(-1) + 3/3. Let n(o) = -5*o**2 + 0*o**2 + 3*o**2 - o**3 + 3*o**2 + b*o. Let i be 2 + 0/((-2)/2). What is n(i)?
0
Let h(v) = -2*v**2 + 6*v - 2. Let n(d) = -2*d**2 - 11*d - 8. Let f be n(-4). Give h(f).
-10
Let a(v) = -v - v**3 + 0*v**3 + 48*v**2 - 45*v**2 + 2. Give a(3).
-1
Let z be ((-1)/(-2))/(5/10). Let u(y) = 3*y**2 + 4 + 2*y - 6 + 1. Give u(z).
4
Let g(k) = k**2 - 6*k - 3. Let b be g(6). Let h(w) be the first derivative of w**3 + 1/4*w**4 - 6 - w**2 - w. Calculate h(b).
5
Let f(a) = a + 7. Suppose 3*u = 5 + 4. Suppose 0 = u*k - 7*k - 24. Calculate f(k).
1
Let b(k) be the second derivative of -5*k + 0 - k**3 + 1/12*k**4 + 9/2*k**2. Give b(6).
9
Let v = -18 + 18. Let x(r) = r + 2. Determine x(v).
2
Let i(p) = -3*p - 4. Let o(s) be the second derivative of -s**5/20 + s**4/12 - s**3/6 - 3*s**2/2 + s. Let x be o(0). Calculate i(x).
5
Let h = -7 + 11. Suppose -5*x = 20, h*x + 11 = s - 7. Let r(w) = 0 + 5 + s*w - w. What is r(-5)?
0
Let h(s) = -s. Let y(x) be the third derivative of 0*x + 0 - 1/6*x**3 - 1/8*x**4 - 2*x**2. Let u(r) = 2*h(r) - y(r). Calculate u(-3).
-2
Let g(m) = m**2 - 4*m + 3. Let k be g(3). Suppose k = 2*w + w + 3. Let p(j) = -6*j + 1. What is p(w)?
7
Suppose 22 = 5*k + 4*f, 0*f - 4*f = 4*k - 20. Let o(n) = -1. Let z(c) = -c + 4. Let d(m) = -1. Let w(r) = -d(r) - z(r). Let x(u) = o(u) + w(u). Calculate x(k).
-2
Let f(z) = 6*z**2 + z + 9. Let j(a) = -5*a**2 - 8. Let n(b) = 4*f(b) + 5*j(b). Calculate n(3).
-1
Let g(j) = -j**3 + 2*j**2 + j + 2. Let p = 30 - 28. Calculate g(p).
4
Suppose -5*d + 0*d = 4*w - 11, -w = 2*d - 5. Let o(k) = -k**3 + 3*k**2 - 3*k - 4. Give o(d).
-13
Let p(y) = 2*y + 10. Let k(t) = t**3 - 18*t**2 - 39*t - 27. Let b be k(20). Give p(b).
-4
Let m(p) = 4 + p - 2*p + p**2 - 3. Give m(1).
1
Let q(x) = x**3 + 5*x**2 + 5*x - 2. Suppose -w + 2*p = w + 2, 2*p + 18 = -3*w. Determine q(w).
-6
Let p(o) = 3*o**2 + 7*o. Let h(d) = 8*d**2 + 21*d. Let z(l) = -4*h(l) + 11*p(l). Determine z(3).
-12
Let v(w) = 10*w**2 - 27*w + 14. Let p be 4/10 + (-33)/(-5). Let a(m) = -7*m**2 + 18*m - 9. Let u(x) = p*a(x) + 5*v(x). Let t be ((-2)/4)/((-4)/40). Give u(t).
-13
Let y be 3*((-12)/(-9) + 0). Let x(f) = 7*f**3 - f - 5*f**3 - y*f**2 - 5 - f**3. Determine x(5).
15
Let a(l) = 2*l**3 + 6 - 2 - l**3 - 8 - 2*l**2. Determine a(3).
5
Let p(a) = -a**2 - 4*a - 8. Let u be p(-3). Let j(r) = r**3 + 5*r**2 - r - 5. Calculate j(u).
0
Let g be (-2)/7 + (-23)/(-7). Let b(k) = 7*k + 2. Let t(w) = 1. Let f(c) = -b(c) + 4*t(c). Let q(h) = 3*h - 1. Let l(y) = -2*f(y) - 5*q(y). What is l(g)?
-2
Let j(o) = o**2 + 2. Let q = -55 + 52. What is j(q)?
11
Let r(o) = -4*o - 1. Let b be r(-1). Let d(w) = -6*w - 7 + w**b - 2*w**2 - 4*w**2 + 2*w**2. Give d(5).
-12
Let n = -2 - 7. Let o(k) = k**2 + 11*k + 12. Calculate o(n).
-6
Suppose 0 = 4*j + 4*j - 16. Let y(b) = -5*b**3 + 5*b**2 - 2*b + 3. Let z(r) = -9*r**3 + 9*r**2 - 3*r + 5. Let m(q) = 7*y(q) - 4*z(q). Calculate m(j).
1
Let z(g) = -3*g**2 + 8*g - 3. Let l(f) = 3*f**2 - 9*f + 3. Let m(d) = -4*l(d) - 5*z(d). Let n be 4*(-3 - (-7)/2). Determine m(n).
7
Let b(c) be the third derivative of -c**6/120 + c**5/20 - c**3/2 + 2*c**2. Let x be b(3). Let g(a) = -a + 3*a - 2 + 4. Determine g(x).
-4
Suppose 2*x - x = -5. Let m be -1 - (x - (-1 - 1)). Let i(o) = 1 - m*o**2 + 2*o**3 + o**3 + o**3. What is i(-1)?
-5
Let j(n) = n**3 + 5 - 5*n**3 + 7*n + 3*n**3 - 4*n**2. Calculate j(-5).
-5
Suppose 3*q + 4*u = 3*u + 9, 2*u - 6 = 0. Let h(v) be the third derivative of 0*v - 1/20*v**5 - v**q - 1/12*v**4 + 0 + 1/6*v**3. What is h(1)?
-4
Let a(d) = d - 3*d - 4 - 3*d. Let x = -73 + 70. Determine a(x).
11
Let y(v) = 1 - 3*v - 2 - 4 - 1. Give y(-4).
6
Let v(w) = -w**2 + w. Let k(i) = -6*i**2 + 12*i + 1. Let c(x) = -k(x) + 5*v(x). Suppose 2*h + 13 = 27. What is c(h)?
-1
Let f(g) = -5*g**2 - 7. Let r(s) = -s**2 - 1. Let u be (-2)/2*(-3 + 4). Let z(q) = u*f(q) + 6*r(q). Let x(l) be the first derivative of z(l). What is x(-2)?
4
Suppose t - 3*m - 29 = -3*t, 2*t + 4*m + 2 = 0. Let l(z) be the third derivative of z**4/24 - z**3 + z**2. Give l(t).
-1
Let p(g) be the first derivative of g**3/3 + g**2/2 - 7*g - 4. What is p(0)?
-7
Let h(t) = -t**3 - 4*t**2 + 3*t - 3. Let p = 13 - 4. Suppose 18 = -2*q - 5*l, 64 = -3*q - 2*q - 3*l. Let d = p + q. What is h(d)?
7
Let t(x) = x**3 - 9*x**2 + x + 8. Let n be t(9). Let p = 25 - n. Suppose 17 = 5*g - p. Let k(d) = d**2 - 4*d - 7. Give k(g).
-2
Suppose -3*x - 2*u + 11 = 0, 0 = 3*x + x + 5*u - 24. Let m(h) be the third derivative of -h**5/60 - h**4/12 + h**3/6 + h**2. What is m(x)?
-2
Let f(d) = -2*d**2 + d + 3. Let c(i) = -i**2 + 1. Let z(r) = -3*c(r) + f(r). What is z(0)?
0
Let f(q) be the third derivative of q**6/120 - q**5/20 + q**4/24 + q**3/6 - 6*q**2. Give f(3).
4
Let c(z) = z. Let q be c(2). Let n be q + (-1)/2*-2. Let f(r) = 2*r**2 - 5*r + 4. Give f(n).
7
Let y(g) = g**3 - 2*g**2 - 3*g + 4. Let o(h) = -h**3 + 2*h**2 + 3. Let s be o(2). What is y(s)?
4
Let o(n) = -n. Let b = 19 - 16. Calculate o(b).
-3
Let l = 0 - 6. Let m(q) = -3*q**2 + 5*q + 5. Let a(d) = 2*d**2 - 5*d - 3. Let v(x) = 4*a(x) + 3*m(x). What is v(l)?
-3
Let k(b) = -2*b**2 + 14*b + 10. Let z(c) = c**2 - 7*c - 5. Let f(d) = 3*k(d) + 5*z(d). What is f(6)?
11
Let c(t) be the second derivative of -1/12*t*